remainder when 153 is divided by 5.
3
What is the remainder when 762 is divided by 707?
55
Calculate the remainder when 298 is divided by 18.
10
Calculate the remainder when 3080 is divided by 257.
253
Calculate the remainder when 609 is divided by 10.
9
What is the remainder when 178 is divided by 46?
40
What is the remainder when 186 is divided by 21?
18
What is the remainder when 135 is divided by 37?
24
Calculate the remainder when 9844 is divided by 159.
145
What is the remainder when 1961 is divided by 27?
17
Calculate the remainder when 151 is divided by 17.
15
What is the remainder when 119 is divided by 20?
19
Calculate the remainder when 110 is divided by 39.
32
What is the remainder when 250 is divided by 29?
18
What is the remainder when 477 is divided by 4?
1
What is the remainder when 105 is divided by 66?
39
What is the remainder when 626 is divided by 198?
32
Calculate the remainder when 896 is divided by 69.
68
Calculate the remainder when 245 is divided by 41.
40
What is the remainder when 4295 is divided by 12?
11
Calculate the remainder when 54 is divided by 45.
9
Calculate the remainder when 349 is divided by 87.
1
Calculate the remainder when 850 is divided by 169.
5
Calculate the remainder when 666 is divided by 33.
6
What is the remainder when 1017 is divided by 14?
9
What is the remainder when 201 is divided by 102?
99
Calculate the remainder when 240 is divided by 72.
24
What is the remainder when 335 is divided by 147?
41
What is the remainder when 1053 is divided by 348?
9
What is the remainder when 338 is divided by 89?
71
What is the remainder when 2903 is divided by 94?
83
Calculate the remainder when 1652 is divided by 87.
86
What is the remainder when 8160 is divided by 22?
20
Calculate the remainder when 370 is divided by 126.
118
Calculate the remainder when 160 is divided by 36.
16
What is the remainder when 4415 is divided by 96?
95
What is the remainder when 121 is divided by 16?
9
What is the remainder when 1205 is divided by 71?
69
Calculate the remainder when 259 is divided by 90.
79
Calculate the remainder when 591 is divided by 27.
24
Calculate the remainder when 329 is divided by 183.
146
Calculate the remainder when 179 is divided by 171.
8
What is the remainder when 588 is divided by 329?
259
Calculate the remainder when 500 is divided by 62.
4
Calculate the remainder when 1377 is divided by 230.
227
Calculate the remainder when 401 is divided by 82.
73
What is the remainder when 1631 is divided by 508?
107
Calculate the remainder when 4120 is divided by 344.
336
Calculate the remainder when 350 is divided by 109.
23
What is the remainder when 57 is divided by 49?
8
Calculate the remainder when 909 is divided by 152.
149
Calculate the remainder when 1038 is divided by 95.
88
Calculate the remainder when 1402 is divided by 377.
271
What is the remainder when 43 is divided by 31?
12
What is the remainder when 1645 is divided by 277?
260
Calculate the remainder when 1050 is divided by 31.
27
Calculate the remainder when 21 is divided by 5.
1
Calculate the remainder when 413 is divided by 141.
131
What is the remainder when 174 is divided by 16?
14
Calculate the remainder when 221 is divided by 74.
73
What is the remainder when 328 is divided by 37?
32
Calculate the remainder when 38 is divided by 20.
18
What is the remainder when 10085 is divided by 104?
101
What is the remainder when 48 is divided by 13?
9
What is the remainder when 352 is divided by 124?
104
Calculate the remainder when 541 is divided by 16.
13
Calculate the remainder when 381 is divided by 105.
66
Calculate the remainder when 298 is divided by 6.
4
Calculate the remainder when 698 is divided by 192.
122
What is the remainder when 207 is divided by 13?
12
Calculate the remainder when 2669 is divided by 15.
14
What is the remainder when 118 is divided by 64?
54
What is the remainder when 693 is divided by 24?
21
What is the remainder when 28157 is divided by 19?
18
Calculate the remainder when 419 is divided by 70.
69
What is the remainder when 333 is divided by 40?
13
Calculate the remainder when 383 is divided by 21.
5
Calculate the remainder when 130 is divided by 9.
4
What is the remainder when 660 is divided by 177?
129
What is the remainder when 284 is divided by 25?
9
Calculate the remainder when 28 is divided by 5.
3
What is the remainder when 642 is divided by 23?
21
What is the remainder when 1589 is divided by 311?
34
What is the remainder when 518 is divided by 29?
25
What is the remainder when 9103 is divided by 253?
248
Calculate the remainder when 240 is divided by 54.
24
What is the remainder when 803 is divided by 195?
23
What is the remainder when 4941 is divided by 112?
13
Calculate the remainder when 295 is divided by 74.
73
What is the remainder when 360 is divided by 119?
3
What is the remainder when 629 is divided by 21?
20
Calculate the remainder when 151 is divided by 67.
17
Calculate the remainder when 955 is divided by 8.
3
What is the remainder when 162 is divided by 68?
26
What is the remainder when 13346 is divided by 142?
140
Calculate the remainder when 105 is divided by 30.
15
Calculate the remainder when 203 is divided by 3.
2
What is the remainder when 347 is divided by 22?
17
Calculate the remainder when 131 is divided by 79.
52
What is the remainder when 467 is divided by 39?
38
Calculate the remainder when 101 is divided by 18.
11
Calculate the remainder when 160 is divided by 54.
52
Calculate the remainder when 143 is divided by 12.
11
What is the remainder when 1961 is divided by 67?
18
Calculate the remainder when 343 is divided by 8.
7
What is the remainder when 1431 is divided by 356?
7
Calculate the remainder when 288 is divided by 36.
0
Calculate the remainder when 6549 is divided by 10.
9
Calculate the remainder when 1679 is divided by 60.
59
Calculate the remainder when 89 is divided by 53.
36
What is the remainder when 463 is divided by 47?
40
What is the remainder when 125 is divided by 38?
11
Calculate the remainder when 132 is divided by 39.
15
What is the remainder when 246 is divided by 31?
29
Calculate the remainder when 1415 is divided by 89.
80
Calculate the remainder when 165 is divided by 67.
31
What is the remainder when 287 is divided by 68?
15
What is the remainder when 1462 is divided by 131?
21
Calculate the remainder when 1165 is divided by 187.
43
What is the remainder when 681 is divided by 76?
73
What is the remainder when 134 is divided by 17?
15
What is the remainder when 122 is divided by 31?
29
What is the remainder when 1196 is divided by 577?
42
Calculate the remainder when 18 is divided by 9.
0
Calculate the remainder when 828 is divided by 165.
3
What is the remainder when 4017 is divided by 41?
40
What is the remainder when 1225 is divided by 602?
21
What is the remainder when 49 is divided by 25?
24
What is the remainder when 12501 is divided by 7?
6
Calculate the remainder when 742 is divided by 8.
6
Calculate the remainder when 838 is divided by 15.
13
Calculate the remainder when 79 is divided by 28.
23
What is the remainder when 1347 is divided by 25?
22
What is the remainder when 982 is divided by 22?
14
What is the remainder when 571 is divided by 88?
43
What is the remainder when 316 is divided by 29?
26
Calculate the remainder when 113 is divided by 30.
23
What is the remainder when 124 is divided by 13?
7
Calculate the remainder when 1053 is divided by 350.
3
What is the remainder when 755 is divided by 27?
26
Calculate the remainder when 94 is divided by 24.
22
Calculate the remainder when 464 is divided by 12.
8
What is the remainder when 1059 is divided by 14?
9
What is the remainder when 658 is divided by 129?
13
What is the remainder when 5612 is divided by 13?
9
Calculate the remainder when 367 is divided by 47.
38
What is the remainder when 474 is divided by 99?
78
What is the remainder when 197 is divided by 40?
37
What is the remainder when 46 is divided by 4?
2
Calculate the remainder when 150 is divided by 17.
14
Calculate the remainder when 222 is divided by 87.
48
Calculate the remainder when 1529 is divided by 51.
50
What is the remainder when 390 is divided by 211?
179
Calculate the remainder when 942 is divided by 41.
40
Calcula